q - 1208. Give u(6).
82
Let c(i) = -i**3 + 35*i**2 + 1236*i - 412. Calculate c(-22).
-16
Let p(i) = 63*i**3 - 29*i**2 + i + 27. Give p(1).
62
Let q(i) = -i**2 + 15*i - 8. Determine q(15).
-8
Let z(b) = -b**2 - 10*b + 292. Calculate z(13).
-7
Let m(u) = -62*u**2 - 18*u + 21. What is m(2)?
-263
Let f(l) = 10*l**2 - 81*l + 4. What is f(9)?
85
Let z(i) = 215*i**2 - 11382*i - 694. Give z(53).
-5
Let z(f) = -26*f**2 + 42*f + 259. Calculate z(4).
11
Let b(u) = 6961*u + 4. Calculate b(0).
4
Let d(t) = -11*t - 420. Calculate d(-41).
31
Let k(g) = -15*g**2 + 424*g - 111. Calculate k(28).
1
Let j(a) = -a**2 - 15*a + 41. Determine j(8).
-143
Let w(d) = -d**3 - 34*d**2 + 38*d + 70. Calculate w(-35).
-35
Let m(d) = 26*d + 1024. Give m(-39).
10
Let z(n) = n**3 + 74*n**2 - 232*n - 282. Give z(-77).
-205
Let v(d) = 107*d + 10164. Give v(-95).
-1
Let c(m) = -33*m - 1612. What is c(-63)?
467
Let p(b) = b**2 + 19*b - 53. Give p(-23).
39
Let z(h) = 5*h**2 + 118*h + 13. Calculate z(0).
13
Let g(a) = a**3 + 136*a**2 + 655*a. Determine g(-5).
0
Let v(r) = 26*r - 74. Calculate v(6).
82
Let f(l) = -l**2 - 21*l + 142. Calculate f(-32).
-210
Let l(m) = -122*m + 6912. Give l(57).
-42
Let y(u) = 50*u - 398. Give y(8).
2
Let o(a) = -98*a + 923. Give o(10).
-57
Let z(r) = -r**3 - 5*r**2 - 106*r - 402. Determine z(-4).
6
Let i(f) = 15*f + 213. Give i(-17).
-42
Let d(b) = -b**3 - 8*b**2 + 32*b + 181. What is d(-8)?
-75
Let p(m) = -4*m**3 + 127*m**2 + 165*m + 5. Calculate p(33).
5
Let i(b) = b**2 - 4*b - 16. Determine i(15).
149
Let b(q) = 148*q - 6816. Give b(46).
-8
Let d(n) = n**2 + 415*n + 2452. Determine d(-6).
-2
Let l(w) = w**3 + 25*w**2 + 152*w + 281. Give l(-17).
9
Let b(z) = -183*z + 3367. Give b(18).
73
Let l(v) = 6*v + 1068. Calculate l(-178).
0
Let y(o) = o**3 + 18*o**2 + 19*o - 61. Give y(-16).
147
Let a(q) = -307*q - 7988. What is a(-26)?
-6
Let k(c) = 3*c**2 - 390*c - 20391. Calculate k(170).
9
Let r(i) = 6*i**2 + 1201*i + 1376. Give r(-199).
-17
Let x(h) = -315*h - 316. What is x(-1)?
-1
Let l(c) = -3*c**3 - 99*c**2 + 104*c + 56. What is l(-34)?
-12
Let r(t) = -136*t**2 + 15*t - 14. Determine r(1).
-135
Let n(d) = 5*d**2 - 45*d - 133. What is n(12)?
47
Let x(z) = -3881*z - 23290. What is x(-6)?
-4
Let y(u) = -u**2 - 2*u + 242. Calculate y(14).
18
Let a(m) = -90*m - 370. Calculate a(-5).
80
Let m(p) = p**3 - 8*p**2 + 20*p - 56. Calculate m(7).
35
Let c(y) = y**3 + 123*y**2 - 3197*y - 1031. What is c(-145)?
-16
Let w(c) = -26*c + 83. Give w(9).
-151
Let u(m) = 4*m - 213. What is u(58)?
19
Let j(d) = -67*d + 491. Calculate j(7).
22
Let b(l) = -281*l - 1161. Calculate b(-4).
-37
Let j(q) = 159*q + 49. Calculate j(-3).
-428
Let g(p) = p**3 - 2*p**2 + 227*p + 959. Give g(-4).
-45
Let t(u) = -24*u - 107. Give t(-15).
253
Let t(x) = 106*x + 302. Determine t(-5).
-228
Let l(t) = -7*t**2 + 98*t + 83. Give l(15).
-22
Let z(u) = -u**3 + 28*u**2 + 287*u - 11. Determine z(36).
-47
Let n(g) = g**3 - 3*g + 24. What is n(-3)?
6
Let i(q) = -25*q**2 + 42*q - 9. What is i(3)?
-108
Let h(k) = -12*k + 449. What is h(29)?
101
Let j(u) = 61*u + 52. Calculate j(-1).
-9
Let j(u) = 2*u**3 - 20*u**2 - 45*u + 565. What is j(9)?
-2
Let s(l) = 268*l + 8578. What is s(-32)?
2
Let k(a) = -84*a**2 - 44*a + 23. Give k(-3).
-601
Let h(m) = -52*m + 198. What is h(4)?
-10
Let x(c) = -c**3 + 4*c**2 + 25*c - 55. Calculate x(2).
3
Let j(b) = -b**2 + 183*b + 1734. What is j(-9)?
6
Let g(t) = t**2 + 28*t - 2330. What is g(-64)?
-26
Let n(w) = 65*w**3 + 2. What is n(1)?
67
Let c(d) = 2*d**3 + 251*d**2 + 184*d + 7377. Give c(-125).
2
Let g(u) = 3*u**2 + 34*u + 108. Calculate g(-6).
12
Let h(r) = -2*r**3 + 51*r**2 - 194*r + 99. What is h(21)?
-6
Let x(u) = 661*u + 2048. What is x(-3)?
65
Let y(x) = -x**3 + 46*x**2 - 74*x - 397. Determine y(44).
219
Let s(t) = -t**3 - 12*t**2 + 19*t + 151. What is s(-9)?
-263
Let o(p) = -52*p + 973. Determine o(19).
-15
Let d(n) = 2*n**3 + 329*n**2 + 327*n - 3. Give d(-1).
-3
Let o(k) = -2*k**3 - 16*k**2 - 49*k + 21. Give o(-8).
413
Let t(z) = -35*z**2 - 520*z + 65. Give t(-15).
-10
Let v(o) = -3*o**2 + 22*o + 365. What is v(17)?
-128
Let y(s) = 2*s**2 + 7*s - 1138. Give y(22).
-16
Let s(x) = -x**2 - 19*x + 102. What is s(5)?
-18
Let z(g) = -g**3 + 16*g**2 - 49*g + 42. Give z(12).
30
Let a(z) = -z**3 + 37*z**2 - 184*z - 55. Determine a(31).
7
Let c(v) = -2*v**2 + 8*v - 32. Give c(4).
-32
Let d(n) = -n**2 - 97*n - 550. What is d(-6)?
-4
Let r(g) = -g**3 + 82*g**2 + 165*g + 243. Calculate r(84).
-9
Let b(y) = -y**3 - 26*y**2 + 66*y - 26. Calculate b(-28).
-306
Let t(v) = v**3 - 7*v**2 + 23*v - 38. What is t(8)?
210
Let w(p) = p**3 - 85*p**2 + 252*p - 480. What is w(82)?
12
Let c(h) = 17*h**3 - 84*h**2 + 12*h - 55. Calculate c(5).
30
Let w(q) = -73*q + 1603. Calculate w(20).
143
Let q(o) = 2*o**2 + 62*o + 255. Calculate q(-24).
-81
Let z(k) = -k**3 + 2*k**2 + 60*k + 57. Give z(0).
57
Let s(x) = -3964*x + 186304. Give s(47).
-4
Let k(z) = z**3 - 14*z**2 - 118*z + 5. Calculate k(-6).
-7
Let f(z) = z**2 - 9*z + 34. Give f(-10).
224
Let p(k) = k**2 + 85*k + 1444. Calculate p(-62).
18
Let i(o) = -o**3 - 23*o**2 + 38*o + 342. Determine i(-24).
6
Let f(d) = d**2 + 43*d + 473. Determine f(-22).
11
Let k(o) = 36*o**2 + 198*o + 8. Calculate k(-6).
116
Let f(y) = 21*y**3 + 8*y - 9. Give f(1).
20
Let h(i) = -20*i**2 + 51*i + 348. Determine h(-6).
-678
Let s(l) = -3*l**3 + 80*l**2 + 26*l + 25. Determine s(27).
-2
Let q(u) = -u**3 + 34*u + 12. Give q(-7).
117
Let p(k) = k**3 + 2*k**2 - 87. Determine p(0).
-87
Let b(q) = -45*q + 106. Give b(2).
16
Let k(n) = -42*n - 327. What is k(-8)?
9
Let s(n) = -3*n**2 - 253*n + 186. Determine s(-85).
16
Let i(m) = -m**3 - 11*m**2 - 14*m + 1. Give i(-6).
-95
Let j(h) = -2*h**2 - 36*h - 62. What is j(-18)?
-62
Let x(c) = -2*c**2 - 5*c + 24. Give x(-6).
-18
Let h(k) = -k**2 + 41*k - 89. Calculate h(38).
25
Let s(r) = r**2 - 41*r + 367. What is s(26)?
-23
Let q(p) = 8*p + 279. Give q(-39).
-33
Let i(a) = 53*a - 2829. What is i(53)?
-20
Let t(a) = -478*a + 73590. Calculate t(154).
-22
Let j(m) = -4*m**2 + 8*m + 85. Determine j(11).
-311
Let w(u) = -16*u - 433. Give w(-29).
31
Let s(v) = 59*v - 196. Calculate s(6).
158
Let a(w) = 9*w**2 + 78*w + 37. Determine a(-13).
544
Let v(l) = 38*l + 14. Give v(7).
280
Let z(l) = 2*l**2 - 89*l + 590. Determine z(36).
-22
Let o(s) = -40*s - 544. Determine o(-28).
576
Let b(s) = 135*s + 13117. What is b(-97)?
22
Let p(h) = h**3 + h**2 + 44*h + 163. Determine p(-4).
-61
Let a(m) = 8*m**2 + 18*m - 107. Calculate a(5).
183
Let n(b) = -b**3 - 6*b**2 - 21*b - 210. What is n(-11)?
626
Let x(i) = -301*i + 2117. What is x(7)?
10
Let y(t) = t**3 - 217*t**2 + 450*t - 4296. Determine y(215).
4
Let t(l) = 9*l**3 - 5*l**2 + 86*l - 271. Give t(3).
185
Let r(z) = z**2 + 21*z + 42. What is r(-19)?
4
Let f(y) = -221*y**2 - 63*y + 60. What is f(1)?
-224
Let i(k) = -2*k**3 + 27*k**2 - 68*k + 7. What is i(3)?
-8
Let a(v) = -v**3 - 94*v**2 + 3*v + 605. Determine a(-94).
323
Let m(y) = -y**3 + 41*y**2 - 44*y + 150. What is m(40)?
-10
Let i(g) = 2*g**2 + 22*g - 73. Determine i(-16).
87
Let z(g) = -g**3 - 47*g**2 - 56*g - 171. Calculate z(-46).
289
Let l(s) = -s**3 + 13*s**2 + 28*s - 190. What is l(14)?
6
Let b(p) = -167*p - 2549. Give b(-15).
-44
Let p(x) = -2*x**3 - x**2 + 4829*x + 4832. Determine p(-1).
4
Let u(w) = -111*w**2 - 231*w - 15. What is u(-2)?
3
Let r(t) = 33*t**2 + 563*t + 34. Calculate r(-17).
0
Let o(r) = -63*r + 96. What is o(1)?
33
Let j(c) = -4274*c - 94020. Determine j(-22).
8
Let m(f) = 3*f**2 - 97*f + 753. What is m(17)?
-29
Let j(m) = -7*m**3 - 8*m**2 + 15*m + 11. Determine j(-5).
611
Let j(i) = i**2 - 47*i - 507. What is j(-10)?
63
Let k(y) = -y**3 + 4*y**2 + 14*y - 7. Give k(-5).
148
Let k(u) = u**3 + 40*u**2 + 36*u - 121. Calculate k(-39).
-4
Let o(m) = m**2 - 20*m - 99. Calculate o(35).
426
Let x(b) = -45*b + 108. Give x(7).
-207
Let u(o) = 3*o**2 - 151*o + 25. Calculate u(49).
-171
Let r(u) = 2*u**3 + 17*u**2 - 26*u - 48. Give r(-9).
105
Let o(c) = c**3 + 5*c**2 - 359*c + 353. Determine o(16).
-15
Let o(c) = c**3 - 19*c**2 + 21*c - 434. Give o(19).
-35
Let f(o) = 23*o - 339. Determine f(9).
-132
Let g(c) = -2*c**2 + 43*c + 127. Give g(23).
58
Let y(g) = -2*g - 36. Determine y(14).
-64
Let p(o) = o**2 - 66*o - 132